-20. Suppose -y + r = -8. What is the remainder when y is divided by n(2)?
7
Let v be (5/20)/(2/808). Suppose 5*o = 4 + v. Calculate the remainder when 40 is divided by o.
19
Suppose 0 = 5*n - 0 - 10. Suppose -2*j + 22 = n*u, -47 = 2*j - 7*j + 3*u. Calculate the remainder when j is divided by 4.
2
Let q = 7 + -5. What is the remainder when 2 is divided by q?
0
Suppose -59 = -5*z + 1. Let o = 2 - -1. Suppose -133 = -4*c + 3*l, o*c + 5*l = -0*l + 107. Calculate the remainder when c is divided by z.
10
What is the remainder when 4/(-10) - 2244/(-60) is divided by 13?
11
Let n be (0 - (2 + -6))/1. Suppose 2*t + t = 4*p - 64, n*p + 3*t = 64. Calculate the remainder when 32/2*3 + -2 is divided by p.
14
Suppose 4*o - 5*b - 35 = 0, -2*o = 2*o - 2*b - 50. What is the remainder when o is divided by 9?
6
Suppose 3*y + 3*h = 75, 4*y = h - 41 + 146. What is the remainder when y is divided by 15?
11
Suppose -5*i = -q - 24, -i = -3*q - 1 - 1. What is the remainder when 10 is divided by i?
0
Suppose 3*t - 2 = 2*t. Let w = t + 0. Suppose a = -5*q - a + 71, w*a - 19 = -q. What is the remainder when 50 is divided by q?
11
Suppose -19*p + 122 = -17*p. What is the remainder when p is divided by 9?
7
Let m(c) be the second derivative of -5*c**3/6 - 2*c**2 + 2*c. What is the remainder when m(-5) is divided by 8?
5
Suppose y - 2*y + 8 = 0. Suppose 5*x - 37 = 8. Suppose -31 = -10*l + x*l. What is the remainder when l is divided by y?
7
Let w = -8 + 11. Let n = 12 - w. Suppose -5*y + 75 + 55 = 0. Calculate the remainder when y is divided by n.
8
Suppose 2*v + 5*l = v + 40, -3*l + 30 = v. Calculate the remainder when 27 is divided by v.
12
Let m = 22 - -4. Calculate the remainder when 76 is divided by m.
24
What is the remainder when 228 is divided by (87/(-1))/((-39)/26)?
54
Suppose -13*y - 116 = -15*y. Calculate the remainder when 227 is divided by y.
53
Let w be 1 - -3 - 4/2. Let u(v) = 23*v**2 + v - 4. Calculate the remainder when u(w) is divided by 23.
21
Let b(l) = l**2 - 3*l - 4. Let k be b(4). Suppose -h = 4*m - 33, k*h = 5*h + 5*m - 180. What is the remainder when h is divided by 19?
18
Suppose 0 = -a - 2*a + 78. Suppose 5*r + 2*u = 33, -2*r = 2*u + 2*u - a. What is the remainder when r is divided by 4?
1
Suppose -2*t - 14 = -2*r, 0*t = r - 4*t - 10. Calculate the remainder when 160 is divided by r.
4
Let c = -41 - -154. Suppose -2 = 3*p - c. Suppose -2*i - 57 = -4*k - k, -2*k = 4*i - 42. What is the remainder when p is divided by k?
11
Suppose 5*f + 10 = 0, p + 2*f - 2 = 4*p. Let d be 1/((p/23)/(-2)). Suppose 2*y = -2*w + 22, 3*y - 3 - d = 4*w. What is the remainder when 19 is divided by y?
9
Suppose 3*c + 565 = 5*z, 5*z - 566 + 1 = -3*c. Calculate the remainder when z is divided by 35.
8
Let t(j) = -22*j. Let a be t(-8). Suppose 2*h = 5*r + 73, 5*h + r - a = -34. What is the remainder when 55 is divided by h?
26
Let p = -53 + 83. Suppose -2*x = -c - 82 - 31, -2*x + 115 = c. Calculate the remainder when x is divided by p.
27
Suppose -2*i + 35 - 5 = 0. Suppose -6 + i = 3*n. Suppose -n*o + 21 + 15 = 0. Calculate the remainder when 21 is divided by o.
9
Suppose -4*j + 0*j = -40. Let v(y) = -y**2 - 10*y - 6. What is the remainder when v(-5) is divided by j?
9
Suppose a = -2*l + 7*l - 245, 175 = 3*l + 5*a. What is the remainder when l is divided by 13?
11
Suppose -2*i - 5*j = -27, 3*i + 12 = -0*i + 3*j. What is the remainder when 3 is divided by i?
0
Suppose -10 = -2*c, -4*n - c + 2*c = -51. Suppose -2*z - n + 80 = 0. Let a = 41 + -24. What is the remainder when z is divided by a?
16
Suppose 2*j - 7 = -j - l, 0 = -2*j + 2*l + 2. Let f(z) = z + 7. Let a be f(-3). Suppose -m - a = -3*m. Calculate the remainder when m is divided by j.
0
Suppose 2*j = 9*j - 91. What is the remainder when 35 is divided by j?
9
Let o(a) = -3*a - 14. Let i be 87/(-12) - 2/(-8). Calculate the remainder when ((-2)/4)/(3/(-78)) is divided by o(i).
6
Suppose 3*p + 18 = 6*p. Let m be (-4)/(-6) - 82/(-3). Let l = -12 + m. Calculate the remainder when l is divided by p.
4
Suppose 0 = 4*o + 5*l - 19, -2*o - 3*l = -0*l - 9. Suppose 4*x = o*x - 12. What is the remainder when 46 is divided by -16*x/16*-2?
10
Let r(i) = -16*i - 1. Let c = -7 - -6. Calculate the remainder when r(c) is divided by 8.
7
Suppose -325 = 3*s + 239. Let h = s - -283. Calculate the remainder when h is divided by 32.
31
Suppose 0 = -5*f + 2*f + 6. Calculate the remainder when (-12)/3 + f - -48 is divided by (-4)/((1 + -3)/8).
14
Let r(v) = v**2 - 4*v + 5. Let u be r(4). Suppose 0 = -t - 3, l - 4*t - 36 = -3*l. Suppose -l*h + u*h = -15. What is the remainder when 57 is divided by h?
12
Let n(g) = g - 4. Let s be n(7). Suppose 44 = 2*w + 4*i, i + 7 = w - 0. Calculate the remainder when 38/(3 + -1) + s is divided by w.
10
Let r = -8 - -6. Let w be -1 - (1 - (-12)/r). Suppose -w*t - 7 = -47. What is the remainder when 18 is divided by t?
8
What is the remainder when 9 is divided by ((-15)/(-30))/(2/12)?
0
Let p = 0 + 5. Let j = -9 - -22. Calculate the remainder when j is divided by p.
3
Let q(c) = -c**3 + c**2 + 4*c + 4. Calculate the remainder when 10 is divided by q(-2).
2
Let x = -37 - -61. Suppose z = -3*k + 73, -2*z - 87 = 2*k - 229. What is the remainder when z is divided by x?
22
Suppose 7*m = 3*m + 84. Let r(z) = -z**3 + 14*z**2 - 12*z - 5. What is the remainder when m is divided by r(13)?
5
Let x = -78 + 84. Calculate the remainder when x is divided by 3.
0
Suppose 10 = -5*v + 55. Let f(x) = x**3 + 8*x**2 - 10*x - 12. Let j be f(-8). Suppose y + j = 5*y. Calculate the remainder when y is divided by v.
8
Let b = 1 + 1. Let z(p) = 7*p**2 - 2*p + 1. Calculate the remainder when z(b) is divided by 9.
7
Let j be (0/1)/(-4 - -2). Calculate the remainder when 14 is divided by -2 + j - (-5 - 2).
4
Let k = -5 - -9. Suppose k*j = -j. Suppose -4*b - 1 = h - 22, j = -5*b - 4*h + 40. Calculate the remainder when 6 is divided by b.
2
Let t(n) = -2*n**2 + 17*n - 2. Calculate the remainder when 73 is divided by t(7).
16
Let w be -4*11/6*-3. Let o = w + -12. Let r = 16 - o. Calculate the remainder when r is divided by 4.
2
Let q = 10 - 36. Let f be (1 + -2 + 42)*-1. Let c = q - f. What is the remainder when c is divided by 9?
6
Let w(s) = -5*s. Suppose 2*u + 397 = 7*u + 3*b, -u = 4*b - 93. What is the remainder when u is divided by w(-4)?
17
Suppose -2*h - 3 = -11. What is the remainder when h is divided by 2?
0
Let l = -27 - -24. Let k(o) = o**3 + 5*o**2 + o - 3. Calculate the remainder when 21 is divided by k(l).
9
Let i be (-2)/(-8) + 106/(-8). Let a = 34 + i. Calculate the remainder when 40 is divided by a.
19
Let a(h) = 2*h - 5 + 0 + 4*h - 5*h**2 + 4*h**2. Calculate the remainder when 4 is divided by a(4).
1
Let x(r) = -5*r + 20. What is the remainder when x(-9) is divided by 23?
19
Suppose -j + 5*j + 5*o = 83, 53 = 4*j - 5*o. Calculate the remainder when 29 is divided by j.
12
Let o = 72 - 40. What is the remainder when o is divided by 11?
10
Suppose j = 3*j + 2*x - 2, 0 = -x. What is the remainder when (-1)/((-29)/(-15) + -2) is divided by 78/10 + j/5?
7
Let t(z) = -z**3 + 8*z**2 + 2*z + 16. Calculate the remainder when t(7) is divided by 16.
15
Let i(d) be the first derivative of -41*d**4/4 + 2*d**3/3 + d**2 + d - 2. What is the remainder when i(-1) is divided by 11?
9
Let u = -8 - -14. Calculate the remainder when 27 is divided by u.
3
Suppose -206 + 74 = -4*m - 4*t, 2*t + 10 = 0. What is the remainder when m is divided by 14?
10
Suppose 4*p - 234 = 30. Suppose -2*b = -k - p, 96 = 3*b + k - 4*k. Calculate the remainder when b is divided by (-4)/26 - (-316)/26.
10
Let q be -3 - -6*3/6. Let b = q + 23. What is the remainder when 90 is divided by b?
21
Suppose 2*o + 5*n - 439 = 0, 4*n - 23 = -o + 198. What is the remainder when o is divided by 20?
17
What is the remainder when 360/14 - (-14)/49 is divided by (7/(-2))/(2*5/(-20))?
5
Suppose 0 = -5*u + i + 15, -4*u + 12 = -2*i - 3*i. Suppose 0 = -g + u, -2*b = -7*b - 3*g + 109. What is the remainder when 38 is divided by b?
18
Let j = -99 + 183. What is the remainder when j is divided by 17?
16
Suppose 0*k - 3*k = 5*h - 122, -k - 3*h + 42 = 0. What is the remainder when k is divided by 10?
9
Suppose 2*w = 13 - 11. Suppose w - 10 = -g. Suppose -5*m - 10 = 0, -5*a + 16 = m - 12. Wh